{"id":2,"date":"2011-01-12T21:26:06","date_gmt":"2011-01-12T21:26:06","guid":{"rendered":"https:\/\/perruchenautomne.eu\/wordpress\/?page_id=2"},"modified":"2012-09-09T17:31:02","modified_gmt":"2012-09-09T16:31:02","slug":"a-propos","status":"publish","type":"page","link":"https:\/\/perruchenautomne.eu\/wordpress\/a-propos\/","title":{"rendered":"\u00c0 propos"},"content":{"rendered":"<p>Ce blog est mon troisi\u00e8me essai.<br \/>\nLe premier fut un \u00e9chec, le deuxi\u00e8me a cess\u00e9 pour diff\u00e9rentes raisons, le troisi\u00e8me est n\u00e9 du d\u00e9sir d&rsquo;\u00e9crire, de partager mon int\u00e9r\u00eat pour la m\u00e9decine et d&rsquo;autres petites choses.<\/p>\n<p>Pourquoi ce nom? Apr\u00e8s avoir suicid\u00e9 \u00ab\u00a0kystes et autres choses\u00a0\u00bb, quelques jours plus tard en allant \u00e0 l&rsquo;h\u00f4pital au c\u0153ur de l&rsquo;automne, passant sous un platane, je l\u00e8ve la t\u00eate et je vois une perruche dans cet arbre, une vision surr\u00e9aliste. J&rsquo;ai beaucoup aim\u00e9.<br \/>\nLors de la cr\u00e9ation de ce nouveau lieu virtuel, je me suis souvenu de cette \u00e9trange rencontre animali\u00e8re. J&rsquo;ai trouv\u00e9 ce symbole ad\u00e9quat. Une perruche en automne, c&rsquo;est bizarre et d\u00e9cal\u00e9, \u00e7a oblige \u00e0 lever la t\u00eate, \u00e0 changer de point de vue.<br \/>\nJ&rsquo; esp\u00e8re \u00eatre \u00e0 la hauteur de ce bel oiseau vert.<\/p>\n","protected":false},"excerpt":{"rendered":"<p>Ce blog est mon troisi\u00e8me essai. Le premier fut un \u00e9chec, le deuxi\u00e8me a cess\u00e9 pour diff\u00e9rentes raisons, le troisi\u00e8me est n\u00e9 du d\u00e9sir d&rsquo;\u00e9crire, de partager mon int\u00e9r\u00eat pour la m\u00e9decine et d&rsquo;autres petites choses. Pourquoi ce nom? Apr\u00e8s &hellip; <a href=\"https:\/\/perruchenautomne.eu\/wordpress\/a-propos\/\">Continuer la lecture <span class=\"meta-nav\">&rarr;<\/span><\/a><\/p>\n","protected":false},"author":1,"featured_media":0,"parent":0,"menu_order":0,"comment_status":"open","ping_status":"open","template":"","meta":{"jetpack_post_was_ever_published":false,"footnotes":""},"class_list":["post-2","page","type-page","status-publish","hentry"],"jetpack_shortlink":"https:\/\/wp.me\/P1l1zM-2","jetpack_sharing_enabled":true,"jetpack-related-posts":[],"_links":{"self":[{"href":"https:\/\/perruchenautomne.eu\/wordpress\/wp-json\/wp\/v2\/pages\/2","targetHints":{"allow":["GET"]}}],"collection":[{"href":"https:\/\/perruchenautomne.eu\/wordpress\/wp-json\/wp\/v2\/pages"}],"about":[{"href":"https:\/\/perruchenautomne.eu\/wordpress\/wp-json\/wp\/v2\/types\/page"}],"author":[{"embeddable":true,"href":"https:\/\/perruchenautomne.eu\/wordpress\/wp-json\/wp\/v2\/users\/1"}],"replies":[{"embeddable":true,"href":"https:\/\/perruchenautomne.eu\/wordpress\/wp-json\/wp\/v2\/comments?post=2"}],"version-history":[{"count":4,"href":"https:\/\/perruchenautomne.eu\/wordpress\/wp-json\/wp\/v2\/pages\/2\/revisions"}],"predecessor-version":[{"id":1065,"href":"https:\/\/perruchenautomne.eu\/wordpress\/wp-json\/wp\/v2\/pages\/2\/revisions\/1065"}],"wp:attachment":[{"href":"https:\/\/perruchenautomne.eu\/wordpress\/wp-json\/wp\/v2\/media?parent=2"}],"curies":[{"name":"wp","href":"https:\/\/api.w.org\/{rel}","templated":true}]}}

À propos

<p>Ce blog est mon troisième essai.<br />
Le premier fut un échec, le deuxième a cessé pour différentes raisons, le troisième est né du désir d&rsquo;écrire, de partager mon intérêt pour la médecine et d&rsquo;autres petites choses.</p>
<p>Pourquoi ce nom? Après avoir suicidé « kystes et autres choses », quelques jours plus tard en allant à l&rsquo;hôpital au cœur de l&rsquo;automne, passant sous un platane, je lève la tête et je vois une perruche dans cet arbre, une vision surréaliste. J&rsquo;ai beaucoup aimé.<br />
Lors de la création de ce nouveau lieu virtuel, je me suis souvenu de cette étrange rencontre animalière. J&rsquo;ai trouvé ce symbole adéquat. Une perruche en automne, c&rsquo;est bizarre et décalé, ça oblige à lever la tête, à changer de point de vue.<br />
J&rsquo; espère être à la hauteur de ce bel oiseau vert.</p>

<p>Ce blog est mon troisième essai. Le premier fut un échec, le deuxième a cessé pour différentes raisons, le troisième est né du désir d&rsquo;écrire, de partager mon intérêt pour la médecine et d&rsquo;autres petites choses. Pourquoi ce nom? Après &hellip; <a href="https://perruchenautomne.eu/wordpress/a-propos/">Continuer la lecture <span class="meta-nav">&rarr;</span></a></p>
